tens digit of 1278069?
6
What is the ten thousands digit of 95738?
9
What is the hundred thousands digit of 295806?
2
What is the thousands digit of 784711?
4
What is the thousands digit of 267477?
7
What is the units digit of 7026936?
6
What is the thousands digit of 3902825?
2
What is the units digit of 65836?
6
What is the hundred thousands digit of 6348114?
3
What is the ten thousands digit of 22537997?
3
What is the tens digit of 6145518?
1
What is the hundred thousands digit of 1343251?
3
What is the hundreds digit of 132205?
2
What is the units digit of 8489533?
3
What is the thousands digit of 6018351?
8
What is the tens digit of 1537243?
4
What is the hundred thousands digit of 255720?
2
What is the ten thousands digit of 1304478?
0
What is the thousands digit of 9727385?
7
What is the units digit of 26739309?
9
What is the units digit of 37217?
7
What is the ten millions digit of 23564642?
2
What is the tens digit of 9574928?
2
What is the tens digit of 7622967?
6
What is the ten millions digit of 41868802?
4
What is the ten thousands digit of 1241578?
4
What is the hundred thousands digit of 973965?
9
What is the hundred thousands digit of 11224623?
2
What is the thousands digit of 1106614?
6
What is the millions digit of 21060267?
1
What is the hundred thousands digit of 1429302?
4
What is the millions digit of 9839382?
9
What is the hundreds digit of 1191881?
8
What is the hundreds digit of 259241?
2
What is the millions digit of 1436514?
1
What is the hundreds digit of 175444?
4
What is the hundreds digit of 690716?
7
What is the hundred thousands digit of 395835?
3
What is the units digit of 12892038?
8
What is the thousands digit of 125586?
5
What is the thousands digit of 10896?
0
What is the hundreds digit of 318320?
3
What is the ten thousands digit of 522428?
2
What is the thousands digit of 440169?
0
What is the units digit of 20521643?
3
What is the hundreds digit of 167303?
3
What is the hundreds digit of 39382?
3
What is the millions digit of 9667063?
9
What is the tens digit of 134478?
7
What is the hundreds digit of 84178?
1
What is the ten millions digit of 24335490?
2
What is the units digit of 2939491?
1
What is the thousands digit of 199265?
9
What is the hundreds digit of 544676?
6
What is the thousands digit of 535898?
5
What is the units digit of 568824?
4
What is the hundreds digit of 1726949?
9
What is the units digit of 360158?
8
What is the units digit of 1447514?
4
What is the hundreds digit of 10697580?
5
What is the ten thousands digit of 403740?
0
What is the units digit of 5791237?
7
What is the units digit of 345143?
3
What is the ten thousands digit of 282629?
8
What is the hundreds digit of 480987?
9
What is the ten thousands digit of 184570?
8
What is the millions digit of 4034233?
4
What is the ten thousands digit of 56044?
5
What is the hundreds digit of 805189?
1
What is the hundreds digit of 1935226?
2
What is the thousands digit of 369239?
9
What is the millions digit of 3723330?
3
What is the ten thousands digit of 734732?
3
What is the tens digit of 254502?
0
What is the hundred thousands digit of 1552442?
5
What is the tens digit of 50415?
1
What is the tens digit of 349575?
7
What is the units digit of 283791?
1
What is the hundred thousands digit of 111386?
1
What is the hundreds digit of 257867?
8
What is the ten thousands digit of 2199597?
9
What is the units digit of 113933?
3
What is the hundred thousands digit of 2489185?
4
What is the units digit of 4379763?
3
What is the units digit of 127717?
7
What is the hundred thousands digit of 29254291?
2
What is the hundred thousands digit of 3009506?
0
What is the millions digit of 19268680?
9
What is the millions digit of 2733280?
2
What is the ten thousands digit of 370100?
7
What is the units digit of 1104001?
1
What is the tens digit of 13750597?
9
What is the thousands digit of 30829319?
9
What is the hundred thousands digit of 707491?
7
What is the thousands digit of 5194896?
4
What is the thousands digit of 319984?
9
What is the hundreds digit of 710751?
7
What is the thousands digit of 5415535?
5
What is the hundred thousands digit of 165218?
1
What is the hundred thousands digit of 20123505?
1
What is the ten thousands digit of 21188?
2
What is the tens digit of 455474?
7
What is the millions digit of 1356996?
1
What is the hundreds digit of 14508529?
5
What is the hundred thousands digit of 1586889?
5
What is the units digit of 8289513?
3
What is the hundreds digit of 158368?
3
What is the ten thousands digit of 324568?
2
What is the ten thousands digit of 1458977?
5
What is the thousands digit of 7577646?
7
What is the hundreds digit of 1041923?
9
What is the hundred thousands digit of 407227?
4
What is the ten millions digit of 11596739?
1
What is the tens digit of 7027877?
7
What is the units digit of 745276?
6
What is the ten thousands digit of 2200760?
0
What is the tens digit of 616761?
6
What is the thousands digit of 645664?
5
What is the units digit of 23417094?
4
What is the hundreds digit of 1468315?
3
What is the units digit of 1030?
0
What is the ten thousands digit of 707969?
0
What is the hundreds digit of 417153?
1
What is the hundreds digit of 15116730?
7
What is the ten thousands digit of 479073?
7
What is the thousands digit of 11942?
1
What is the hundred thousands digit of 2571737?
5
What is the hundred thousands digit of 12588572?
5
What is the units digit of 3495417?
7
What is the units digit of 317684?
4
What is the ten thousands digit of 5478325?
7
What is the ten thousands digit of 7779105?
7
What is the units digit of 14657983?
3
What is the hundred thousands digit of 1113605?
1
What is the units digit of 243362?
2
What is the tens digit of 1837966?
6
What is the ten thousands digit of 892461?
9
What is the thousands digit of 11007324?
7
What is the units digit of 11776761?
1
What is the hundred thousands digit of 2433648?
4
What is the hundred thousands digit of 3227905?
2
What is the tens digit of 51995?
9
What is the ten thousands digit of 94059?
9
What is the thousands digit of 8441845?
1
What is the millions digit of 4295720?
4
What is the ten thousands digit of 418229?
1
What is the thousands digit of 774563?
4
What is the ten thousands digit of 5938426?
3
What is the hundreds digit of 674068?
0
What is the hundreds digit of 4444264?
2
What is the ten thousands digit of 1267636?
6
What is the tens digit of 35733?
3
What is the ten millions digit of 42364823?
4
What is the units digit of 262972?
2
What is the thousands digit of 398499?
8
What is the hundreds digit of 618074?
0
What is the tens digit of 190694?
9
What is the ten thousands digit of 435876?
3
What is the hundred thousands digit of 272138?
2
What is the thousands digit of 173960?
3
What is the millions digit of 3369993?
3
What is the ten thousands digit of 43231?
4
What is the ten thousands digit of 378508?
7
What is the hundreds digit of 4372081?
0
What is the tens digit of 643385?
8
What is the hundreds digit of 112636?
6
What is the hundred thousands digit of 787382?
7
What is the thousands digit of 2938077?
8
What is the tens digit of 975274?
7
What is the tens digit of 212006?
0
What is the thousands digit of 875876?
5
What is the units digit of 2745150?
0
What is the tens digit of 343944?
4
What is the thousands digit of 14083438?
3
What is the ten thousands digit of 7089462?
8
What is the thousands digit of 869925?
9
What is the hundred thousands digit of 2066568?
0
What is the hundreds digit of 2548599?
5
What is the millions digit of 25141004?
5
What is the millions digit of 2176924?
2
What is the hundreds digit of 28538043?
0
What is the millions digit of 3775582?
3
What is the thousands digit of 125397?
5
What is the hundred thousands digit of 126316?
1
What is the units digit of 2333203?
3
What is the thousands digit of 2384479?
4
What is the ten thousands digit of 1838685?
3
What is the ten thousands digit of 580011?
8
What is the millions digit of 2095326?
2
What is the millions digit of 1721269?
1
What is the thousands digit of 368058?
8
What is the units digit of 7453145?
5
What is the thousands digit of 17031086?
1
What is the thousands digit of 1869912?
9
What is the hundreds digit of 389276?
2
What is the millio